Let f(x) = 3076*x + 41083. Determine f(-15).
-5057
Let a(c) = -c**3 + 25*c**2 + 489*c + 2227. Calculate a(39).
4
Let l(w) = -75*w - 957. What is l(-3)?
-732
Let c(n) = 12217*n + 1026232. What is c(-84)?
4
Let i(m) = m**2 + 73*m + 794. Determine i(-13).
14
Let j(v) = 189*v**2 + 13991*v + 334. Give j(-74).
-36
Let c(a) = -51*a + 8632. Give c(174).
-242
Let n(i) = i**2 - 15019*i - 376106. What is n(-25)?
-6
Let w(c) = -15606*c - 1076717. What is w(-69)?
97
Let y(x) = x**3 - 24*x**2 + 127*x - 158. Calculate y(5).
2
Let m(p) = -10*p**2 + 4132*p - 52019. What is m(13)?
7
Let v(a) = -2*a**3 - 26*a**2 + 748*a - 80. What is v(-27)?
136
Let l(t) = -7*t**3 + 2643*t**2 - 1499*t - 3453. Calculate l(377).
-60
Let w(s) = 773*s - 81849. Give w(105).
-684
Let b(n) = 949*n**2 + 400475*n - 1270. Calculate b(-422).
-4
Let g(d) = -d**2 - 268*d - 3742. Give g(-15).
53
Let m(d) = -376*d - 2001. Calculate m(-5).
-121
Let t(v) = 2*v**2 - 550*v + 37776. Determine t(141).
-12
Let m(h) = 23479*h**2 - 5376693*h + 453. Determine m(229).
-5
Let k(b) = -b**3 - 22*b**2 - 45*b - 10047. Give k(-31).
-3
Let b(y) = y**3 - 149*y**2 + 181*y - 4851. Give b(148).
33
Let t(x) = -x**2 + 264*x + 68940. What is t(-162)?
-72
Let f(w) = -4*w**2 + 294*w - 3590. Give f(13).
-444
Let u(o) = -376*o - 5854. Calculate u(-16).
162
Let t(o) = -42*o**2 - 224*o - 216. What is t(-1)?
-34
Let i(a) = 4919*a - 24061. Determine i(5).
534
Let i(v) = v**2 + 7414281*v - 4. Calculate i(0).
-4
Let b(q) = 5548*q - 16857. Calculate b(3).
-213
Let q(u) = u**3 + 337*u**2 + 1248*u + 82166. Calculate q(-334).
2
Let r(g) = -2*g**3 + 1384*g**2 + 1132*g + 176022. Calculate r(693).
0
Let a(b) = b**2 + 2931*b - 626199. Calculate a(200).
1
Let s(c) = c**3 + 175*c**2 + 5761*c - 15. Give s(-44).
117
Let b(t) = 59862*t + 15444397. Determine b(-258).
1
Let j(r) = 2116933*r - 12701591. Determine j(6).
7
Let u(n) = -2*n**3 - 57*n**2 - 375*n - 9676. Determine u(-28).
40
Let x(n) = -63*n**2 - 253*n - 88. What is x(-4)?
-84
Let o(v) = v**2 + 1252*v + 306629. Give o(-334).
17
Let k(h) = 6*h**2 - 5499*h - 33185. Give k(-6).
25
Let b(m) = -5227*m - 256126. Give b(-49).
-3
Let y(o) = 125*o**2 - 1989*o - 97. Give y(17).
2215
Let c(l) = 6*l**2 - 171*l + 612. Calculate c(24).
-36
Let p(q) = q**3 + 2*q**2 - 111*q + 619. Calculate p(17).
4223
Let t(v) = 4*v**3 + 18*v**2 + 323*v + 1564. Calculate t(-5).
-101
Let q(t) = -t**3 - 157*t**2 - 721*t - 16750. Give q(-153).
-73
Let r(h) = h**3 - 54*h**2 - 111*h + 1111. What is r(55)?
-1969
Let b(l) = 22*l**3 + 37*l**2 + 31*l - 76. Calculate b(4).
2048
Let g(r) = -48400*r + 7453605. Calculate g(154).
5
Let d(q) = -4*q**3 + 546*q**2 + 243*q + 4215. What is d(137)?
-32
Let l(t) = -535*t**2 - 3145*t - 22. Calculate l(-6).
-412
Let k(l) = -4*l**3 - 48*l**2 + 172*l - 115. Calculate k(-15).
5
Let y(c) = -1245*c + 129344. Determine y(104).
-136
Let i(p) = p**3 + 21*p**2 - 62*p - 1971. Calculate i(-20).
-331
Let y(d) = -2*d**3 + 238*d**2 + 67*d - 7962. Calculate y(119).
11
Let u(m) = -31*m**2 + 2821*m - 31344. Calculate u(13).
90
Let u(b) = -2*b**3 - 26*b**2 - 328*b - 768. Give u(-3).
36
Let i(k) = -k**3 - 101*k**2 + 66*k + 16205. Calculate i(-100).
-395
Let x(n) = -6*n**2 + 1104*n + 4439. Determine x(-4).
-73
Let h(x) = -x**3 + 4*x**2 + 24*x - 65. Determine h(6).
7
Let c(o) = -o**3 + 264*o**2 - 5761*o + 254. What is c(240)?
14
Let u(p) = 5*p**2 - 778*p - 4341. What is u(161)?
6
Let o(i) = 29953*i + 329493. What is o(-11)?
10
Let h(w) = -755*w + 17075. Determine h(23).
-290
Let x(d) = -3250*d + 16306. Determine x(5).
56
Let u(r) = 15*r**2 - 4898*r - 24871. What is u(-5)?
-6
Let t(r) = -2*r**2 + 37909*r - 3207814. Calculate t(85).
1
Let m(u) = -1218*u + 26791. Determine m(22).
-5
Let q(x) = -x**3 + 1236*x**2 + 1513*x - 341418. Give q(1237).
-6
Let v(q) = 1286*q**3 + 11578*q**2 + 45*q + 14. Determine v(-9).
-67
Let t(k) = -5*k**3 - 656*k**2 - 92*k + 270. Calculate t(-131).
-4839
Let u(l) = l**3 - 456*l**2 - 4139*l + 1476130. Determine u(458).
-4
Let w(l) = 22*l - 1951. Give w(53).
-785
Let x(l) = -6*l**3 - 12*l**2 - 29*l + 74. What is x(-6)?
1112
Let o(f) = f**3 + 12*f**2 - 1244*f - 14900. Determine o(-12).
28
Let g(a) = -a**2 - 1547*a + 24885. What is g(16)?
-123
Let g(y) = -2*y**3 - 46*y**2 - 62*y - 3. Determine g(-22).
393
Let l(r) = 183*r**3 + 7*r**2 - 65*r + 130. What is l(2)?
1492
Let u(b) = -202*b - 378. Give u(-5).
632
Let g(n) = 7081*n + 28436. Determine g(-4).
112
Let k(f) = -14870*f + 594813. What is k(40)?
13
Let j(y) = -y**3 - 17*y**2 - 355*y - 5168. Calculate j(-17).
867
Let u(l) = -29*l**2 + 294*l - 85. What is u(9)?
212
Let c(m) = m**3 + 76*m**2 - 7*m - 457. Give c(-76).
75
Let q(t) = 18888*t**2 - 37774*t - 1. Give q(2).
3
Let b(t) = 8*t**2 - 14999*t + 104597. Determine b(7).
-4
Let t(r) = -338*r + 18882. Determine t(62).
-2074
Let f(x) = -x**3 - 16*x**2 - 66940*x - 1138268. Calculate f(-17).
1
Let x(q) = -649*q - 26383. Give x(-40).
-423
Let w(d) = -6762*d - 101404. Give w(-15).
26
Let w(v) = 534*v + 833. Calculate w(-3).
-769
Let w(m) = 150*m - 563. Give w(17).
1987
Let k(a) = -a**3 - 32*a**2 - 14*a - 701. Calculate k(-32).
-253
Let i(v) = 2*v**3 + 23*v**2 + 262*v + 801. Determine i(-4).
-7
Let n(y) = -y**2 + 439*y - 5944. Determine n(14).
6
Let a(g) = -7*g**2 + 330*g + 182. Give a(47).
229
Let y(i) = 15*i**3 - 61*i**2 + 96*i - 360. Give y(4).
8
Let i(f) = 1083*f - 351979. Give i(325).
-4
Let z(q) = -8286*q + 49785. Give z(6).
69
Let h(a) = -2*a**2 + 11618*a + 397354. What is h(-34)?
30
Let t(i) = -i**3 + 133*i**2 - 2264*i + 208. Calculate t(113).
-244
Let a(o) = -2*o**3 - o**2 + 132*o - 5. Calculate a(-7).
-292
Let q(t) = -65*t**2 - 1335*t + 2064. What is q(-22)?
-26
Let y(h) = 578*h**2 + 10976*h - 48. Give y(-19).
66
Let n(x) = 536*x + 15135. Calculate n(-27).
663
Let r(n) = n**3 - 43*n**2 + 431*n - 279. Calculate r(9).
846
Let r(m) = -m**3 + 463*m**2 - 392*m - 32658. Calculate r(462).
-318
Let a(u) = u**2 + 996*u + 245199. Determine a(-551).
4
Let p(l) = 1572*l**2 - 110*l + 104. Determine p(1).
1566
Let t(y) = -y**3 + 345*y**2 - 10296*y + 14. What is t(33)?
14
Let d(a) = -a**3 + 24*a**2 + 171*a - 424. Give d(2).
6
Let j(x) = 9991*x - 2247956. Calculate j(225).
19
Let y(l) = 8*l**2 - 189*l - 184. Calculate y(-1).
13
Let s(n) = -35*n**3 - 1165*n**2 - 268*n + 2050. Determine s(-33).
4
Let w(s) = -345*s**2 - 225972*s + 1969. Determine w(-655).
4
Let g(n) = -131*n + 32390. Give g(248).
-98
Let i(w) = -w**3 + 120*w**2 - 1847*w + 30. Calculate i(18).
-168
Let n(w) = w**3 + 5*w**2 - 265*w - 2159. What is n(-10)?
-9
Let n(j) = 279760*j + 559525. Determine n(-2).
5
Let t(s) = 824*s - 3725. Determine t(5).
395
Let v(y) = -31*y**2 + 8732*y - 26186. Give v(3).
-269
Let y(t) = -357*t**2 + 18222*t - 107. Determine y(51).
658
Let z(m) = 2*m**3 + 1862*m**2 + 48815*m - 936. What is z(-904)?
-32
Let p(q) = -10607*q + 62256. Calculate p(6).
-1386
Let g(l) = -l**3 - 48*l**2 + 229*l + 6488. Calculate g(-50).
38
Let n(i) = 5*i**2 + 210409*i - 1052035. Calculate n(5).
135
Let b(r) = 986*r - 24. Determine b(0).
-24
Let w(p) = -571*p - 7404. Give w(-13).
19
Let d(r) = 2*r**2 + 516*r + 2948. What is d(-6)?
-76
Let h(s) = -55638*s - 1947289. What is h(-35)?
41
Let m(w) = 347*w + 13097. Give m(-37).
258
Let y(x) = -1278*x + 16766. Determine y(13).
152
Let n(o) = 22235*o + 444777. Calculate n(-20).
77
Let w(h) = -870*h - 29192. Determine w(-33).
-482
Let i(v) = -2*v**3 + 7*v**2 - 643*v + 2603. Determine i(4).
15
Let s(c) = 4*c**2 - 2592*c + 69438. Give s(620).
-2
Let w(g) = -5541164*g**2 + 5541161*g + 1. Calculate w(1).
-2
Let t(p) = 19*p**3 + 98*p**2 + 79*p - 29. Calculate t(-4).
7
Let t(j) = -j**3 + 334*j**2 - 27212*j - 149. Calculate t(141).
-8
Let i(v) = 38*v**2 + 19637*v + 14934. Calculate i(-516).
-30
Let q(k) = -9*k**2 + 330*k + 43. Determine q(0).
43
Let f(v) = -v**2 + 24*v + 1328. What is f(-24)?
176
Let w(k) = 8*k**2 + k - 49. Determine w(-11).
908
Let r(y) = -2*y**3 + 6*y**2 + 4. Calculate r(5).
-96
Let y(a) = 9550*a + 219656. What is y(-23)?
6
Let q(h) = -2*h**3 - 270*h**2 - 22*h - 2911. Give q(-135).
59
Let o(w) = 2929*w - 5613. What is o(2)?
245
Let g(k) = 143773*k + 718905. What is g(-5)?
40
Let q(s) = 18*s**2 - 3536*s - 71809. Give q(215).
1
Let n(l) = -9231*l + 55206. Determine n(6).
-180
Let z(